a factor of 1069153?
False
Is 431 a factor of 68551?
False
Is 30 a factor of 23130?
True
Is 1436116 a multiple of 1028?
True
Is 162786 a multiple of 39?
True
Does 14 divide 732354?
True
Does 289 divide 6196449?
True
Is 8 a factor of 392275?
False
Is 308023 a multiple of 17?
True
Is 380190 a multiple of 236?
False
Is 64291 a multiple of 9?
False
Does 4 divide 1022201?
False
Is 95 a factor of 112480?
True
Is 67987 a multiple of 20?
False
Is 631714 a multiple of 3?
False
Is 810968 a multiple of 268?
True
Does 468 divide 334740?
False
Does 28 divide 199307?
False
Is 37 a factor of 4904?
False
Is 133 a factor of 635750?
False
Is 26 a factor of 1132676?
False
Is 192 a factor of 5528566?
False
Is 5491119 a multiple of 143?
False
Does 5 divide 21222?
False
Is 3066804 a multiple of 117?
True
Is 14111 a multiple of 17?
False
Is 757312 a multiple of 190?
False
Is 5847988 a multiple of 10?
False
Does 5 divide 115543?
False
Is 7763967 a multiple of 29?
True
Does 34 divide 298591?
False
Is 61 a factor of 84241?
True
Is 90 a factor of 550080?
True
Does 266 divide 2040417?
False
Does 79 divide 1313296?
True
Is 4 a factor of 60?
True
Is 28513540 a multiple of 71?
False
Is 270210 a multiple of 30?
True
Does 2 divide 548575?
False
Does 82 divide 1131424?
False
Is 10960169 a multiple of 229?
True
Is 115 a factor of 214275?
False
Does 40 divide 2959480?
True
Is 64 a factor of 133350?
False
Does 642 divide 7542216?
True
Does 152 divide 529416?
True
Is 47 a factor of 283598?
True
Is 322 a factor of 287509?
False
Does 599 divide 1153075?
True
Does 123 divide 3411898?
False
Is 119 a factor of 3576069?
True
Is 35 a factor of 3489303?
False
Is 184 a factor of 819904?
True
Does 67 divide 51724?
True
Does 76 divide 1391180?
True
Does 46 divide 44252?
True
Is 87 a factor of 33471?
False
Does 516 divide 844176?
True
Does 32 divide 325440?
True
Is 302386 a multiple of 4?
False
Is 554835 a multiple of 25?
False
Is 19864 a multiple of 5?
False
Is 289 a factor of 124533?
False
Is 1904056 a multiple of 11?
True
Is 2 a factor of 952?
True
Is 1035914 a multiple of 11?
True
Is 36969 a multiple of 8?
False
Is 6134475 a multiple of 15?
True
Is 15 a factor of 176087?
False
Is 47256 a multiple of 22?
True
Is 39 a factor of 5658?
False
Does 81 divide 134493?
False
Does 18 divide 14580711?
False
Is 9123033 a multiple of 258?
False
Does 84 divide 89314?
False
Is 10 a factor of 2147060?
True
Does 5 divide 4525085?
True
Is 23 a factor of 209910?
False
Is 5 a factor of 4056?
False
Is 27 a factor of 56673?
True
Is 88171 a multiple of 93?
False
Is 1634823 a multiple of 546?
False
Is 319 a factor of 883574?
False
Is 127 a factor of 132080?
True
Is 336671 a multiple of 71?
False
Is 2945607 a multiple of 37?
True
Does 3 divide 102034?
False
Does 796 divide 406426?
False
Is 1384441 a multiple of 62?
False
Does 3 divide 232546?
False
Does 788 divide 1407654?
False
Does 81 divide 144018?
True
Does 130 divide 4062818?
False
Is 144 a factor of 71115?
False
Is 477546 a multiple of 118?
True
Is 16 a factor of 6736336?
True
Is 506 a multiple of 3?
False
Is 1981 a factor of 18374379?
False
Is 39 a factor of 129558?
True
Is 28994 a multiple of 5?
False
Is 13 a factor of 4564495?
True
Is 86 a factor of 1354705?
False
Is 88947 a multiple of 111?
False
Does 68 divide 21271080?
True
Is 630766 a multiple of 34?
False
Does 12 divide 35473?
False
Does 571 divide 2418185?
True
Is 2258760 a multiple of 30?
True
Does 11 divide 453265?
False
Is 7860416 a multiple of 32?
True
Is 502 a factor of 2140026?
True
Does 532 divide 552748?
True
Is 84384 a multiple of 36?
True
Is 321529 even?
False
Does 127 divide 5030506?
False
Is 11 a factor of 78601?
False
Is 947 a factor of 8297264?
False
Does 61 divide 870104?
True
Is 36211 a multiple of 30?
False
Is 741321 a multiple of 147?
True
Does 8 divide 274092?
False
Is 147868 a multiple of 18?
False
Is 29160 a multiple of 27?
True
Is 2955817 a multiple of 20?
False
Does 732 divide 207765?
False
Is 2441950 a multiple of 25?
True
Is 64239 a multiple of 11?
False
Does 80 divide 144491?
False
Does 69 divide 36735?
False
Is 24 a factor of 26678856?
True
Does 227 divide 421153?
False
Is 408 a factor of 835584?
True
Is 39654 a multiple of 151?
False
Is 1891186 a multiple of 4?
False
Does 127 divide 3569970?
True
Is 180168 a multiple of 14?
False
Is 134328 a multiple of 386?
True
Is 371042 a multiple of 31?
False
Does 93 divide 28150?
False
Is 522681 a multiple of 59?
True
Is 4 a factor of 4360389?
False
Is 185123 a multiple of 4?
False
Is 3 a factor of 418748?
False
Is 397615 a multiple of 626?
False
Is 15 a factor of 535485?
True
Is 1192 a multiple of 4?
True
Is 80894 a multiple of 287?
False
Is 556 a factor of 1135908?
True
Does 540 divide 170011?
False
Is 4288896 a multiple of 544?
True
Is 110593 a multiple of 61?
True
Is 50 a factor of 67150?
True
Is 333528 a multiple of 7?
False
Is 1231 a factor of 3843182?
True
Is 398104 a multiple of 220?
False
Is 8266622 a multiple of 11?
False
Does 54 divide 11178?
True
Is 276 a factor of 1135464?
True
Is 25 a factor of 66841?
False
Is 84709 a multiple of 12?
False
Is 2383040 a multiple of 13?
False
Is 405 a factor of 5922059?
False
Is 32 a factor of 158941?
False
Is 33 a factor of 212520?
True
Is 7721980 a multiple of 470?
False
Does 85 divide 2074425?
True
Is 356792 a multiple of 433?
True
Is 2418928 a multiple of 584?
True
Does 36 divide 204264?
True
Does 21 divide 237160?
False
Is 51642 a multiple of 49?
False
Is 2592930 a multiple of 3?
True
Does 61 divide 229395?
False
Does 16 divide 250129?
False
Is 4 a factor of 395110?
False
Is 75 a factor of 153075?
True
Is 191 a factor of 3654?
False
Is 13 a factor of 59009?
False
Is 38 a factor of 46133?
False
Is 184 a factor of 211603?
False
Is 37 a factor of 594997?
True
Is 467 a factor of 11502210?
True
Is 766 a factor of 5692103?
False
Is 2 a factor of 11380?
True
Does 44 divide 8023114?
False
Does 8 divide 219266?
False
Does 319 divide 35409?
True
Is 216314 a multiple of 242?
False
Is 1501920 a multiple of 360?
True
Is 25 a factor of 508950?
True
Does 50 divide 21300?
True
Is 4243135 a multiple of 31?
False
Is 49 a factor of 4554219?
False
Is 4 a factor of 215432?
True
Is 84 a factor of 1112496?
True
Does 44 divide 7369729?
False
Is 560045 a multiple of 505?
True
Is 49 a factor of 598437?
True
Is 13 a factor of 2077660?
True
Is 7795 a multiple of 5?
True
Is 904766 a multiple of 51?
False
Is 89813 even?
False
Does 87 divide 281271?
True
Does 245 divide 1383270?
True
Is 125 a factor of 3824450?
False
Is 502449 a multiple of 35?
False
Is 1034700 a multiple of 12?
True
Is 78 a factor of 869144?
False
Does 132 divide 5555088?
True
Is 15 a factor of 365010?
True
Does 534 divide 4715754?
True
Does 103 divide 402524?
True
Does 7 divide 1868937?
True
Is 8652969 a multiple of 13?
True
Does 29 divide 592348?
False
Is 61626 a multiple of 13?
False
Is 254790 a multiple of 19?
True
Is 6072462 a multiple of 33?
True
Is 1075691 a multiple of 3?
False
Is 226037 a multiple of 49?
True
Is 3039168 a multiple of 192?
True
Is 554580 a multiple of 395?
True
Is 79 a factor of 445646?
False
Does 275 divide 765273?
False
Does 310 divide 2258350?
True
Is 199 a factor of 1183633?
False
Does 737 divide 2369455?
True
Is 429 a factor of 112398?
True
Is 57480 a multiple of 4?
True
Does 86 divide 1655?
False
Is 17 a factor of 96441?
True
Does 135 divide 116462?
False
Is 4136908 a multiple of 76?
True
Is 458250 a multiple of 15?
True
Does 46 divide 3575718?
True
Does 3 divide 1350358?
False
Is 4816473 a multiple of 129?
True
Is 24 a factor of 86100?
False
Is 13 a factor of 3850782?
True
Is 2909 a multiple of 14?
False
Is 590017 a multiple of 109?
True
Does 19 divide 7980?
True
Does 56 divide 53536?
True
Is 11 a factor of 164670?
True
Is 158 a factor of 5811046?
False
Is 11417920 a multiple of 117?
False
Is 249 a factor of 1972827?
True
Is 1052805 a multiple of 195?
True
Is 5109328 a multiple of 14?
True
Is 893 a factor of 14020100?
True
Is 67 a factor of 425153?
False
Is 1479915 a multiple of 42?
False
Is 1288486 a multiple of 18?
False
Does 12 divide 2259883?
False
Is 3159545 a multiple of 149?
True
Is 13849 a multiple of 11?
True
Does 348 divide 550689?
False
Is 32 a factor of 128343?
False
Is 10 a factor of 39294?
False